hat is the greatest common factor of 437 and 19?
19
What is the greatest common divisor of 1106 and 252?
14
What is the highest common factor of 2331 and 63?
63
Calculate the highest common factor of 24 and 216.
24
What is the greatest common divisor of 120 and 1290?
30
Calculate the greatest common factor of 27 and 349.
1
What is the highest common divisor of 4343 and 404?
101
Calculate the highest common factor of 378 and 486.
54
Calculate the greatest common divisor of 405 and 10.
5
What is the greatest common divisor of 60 and 34460?
20
Calculate the highest common divisor of 64 and 608.
32
What is the greatest common divisor of 4 and 70?
2
Calculate the greatest common factor of 275 and 25.
25
What is the highest common divisor of 85445 and 115?
115
What is the greatest common factor of 90 and 9630?
90
Calculate the greatest common divisor of 85 and 1751.
17
Calculate the greatest common divisor of 748 and 816.
68
What is the highest common divisor of 850 and 34?
34
Calculate the greatest common divisor of 234 and 104.
26
Calculate the greatest common factor of 2805 and 165.
165
What is the greatest common divisor of 1512 and 63?
63
Calculate the greatest common divisor of 172 and 4.
4
What is the highest common factor of 45 and 1395?
45
What is the highest common divisor of 4482 and 162?
54
What is the greatest common divisor of 1500 and 150?
150
Calculate the highest common divisor of 1244 and 4.
4
What is the highest common factor of 28 and 28?
28
What is the greatest common factor of 26 and 533?
13
Calculate the greatest common divisor of 448 and 512.
64
Calculate the greatest common divisor of 42 and 2674.
14
Calculate the greatest common factor of 400 and 230.
10
Calculate the highest common factor of 8 and 212.
4
Calculate the greatest common factor of 180 and 576.
36
Calculate the greatest common factor of 725 and 319.
29
What is the greatest common factor of 5 and 3415?
5
What is the greatest common factor of 374 and 176?
22
What is the highest common divisor of 48 and 75?
3
Calculate the greatest common factor of 660 and 1260.
60
What is the greatest common divisor of 17 and 2329?
17
What is the highest common divisor of 8729 and 7?
7
What is the greatest common divisor of 1920 and 15?
15
What is the highest common factor of 85 and 1037?
17
Calculate the highest common divisor of 1734 and 255.
51
Calculate the highest common factor of 24 and 42.
6
Calculate the highest common divisor of 4600 and 1600.
200
What is the highest common factor of 72 and 672?
24
What is the highest common factor of 531 and 81?
9
What is the highest common factor of 162 and 54?
54
What is the highest common divisor of 21 and 672?
21
What is the highest common factor of 68 and 1309?
17
What is the greatest common factor of 559 and 13?
13
Calculate the greatest common divisor of 126 and 98.
14
What is the greatest common divisor of 2035 and 385?
55
What is the highest common divisor of 18 and 45?
9
Calculate the highest common factor of 161 and 207.
23
Calculate the greatest common divisor of 2464 and 77.
77
Calculate the greatest common divisor of 450 and 2925.
225
What is the greatest common factor of 4510 and 82?
82
Calculate the highest common factor of 125 and 15.
5
What is the greatest common factor of 284 and 568?
284
What is the highest common factor of 55 and 11?
11
What is the highest common divisor of 5160 and 240?
120
Calculate the highest common factor of 3953 and 67.
67
Calculate the greatest common factor of 2100 and 189.
21
Calculate the greatest common factor of 729 and 4617.
243
Calculate the greatest common divisor of 55 and 25.
5
What is the highest common factor of 1075 and 275?
25
What is the highest common divisor of 85 and 1105?
85
What is the greatest common factor of 52 and 130?
26
Calculate the greatest common factor of 512 and 352.
32
Calculate the greatest common factor of 345 and 105.
15
Calculate the greatest common divisor of 10 and 55.
5
What is the greatest common factor of 105 and 305?
5
Calculate the highest common divisor of 42 and 77.
7
What is the highest common factor of 564 and 12?
12
What is the greatest common factor of 5 and 85?
5
Calculate the greatest common factor of 620 and 20.
20
Calculate the highest common factor of 21 and 6.
3
What is the highest common factor of 6 and 2?
2
Calculate the highest common divisor of 572 and 132.
44
Calculate the highest common factor of 360 and 12.
12
What is the highest common factor of 222 and 18?
6
Calculate the highest common factor of 124 and 1922.
62
Calculate the greatest common factor of 952 and 56.
56
Calculate the greatest common divisor of 112948 and 68.
68
Calculate the highest common factor of 16 and 4528.
16
Calculate the greatest common divisor of 2300 and 1200.
100
Calculate the greatest common divisor of 168 and 96.
24
Calculate the greatest common factor of 28 and 3584.
28
What is the highest common divisor of 636 and 108?
12
What is the highest common factor of 9 and 909?
9
Calculate the greatest common divisor of 920 and 40.
40
What is the greatest common divisor of 2601 and 9?
9
Calculate the highest common factor of 901 and 17.
17
What is the greatest common factor of 182 and 126?
14
Calculate the greatest common factor of 35 and 185.
5
Calculate the highest common factor of 558 and 527.
31
What is the greatest common divisor of 19539 and 117?
117
Calculate the highest common factor of 32 and 464.
16
What is the highest common factor of 76 and 380?
76
Calculate the greatest common factor of 131 and 14279.
131
Calculate the greatest common divisor of 50 and 200.
50
Calculate the highest common factor of 5 and 2.
1
What is the greatest common divisor of 1903 and 33?
11
What is the greatest common divisor of 1208 and 12986?
302
Calculate the highest common divisor of 42 and 210.
42
What is the greatest common factor of 432 and 64?
16
Calculate the greatest common divisor of 144 and 126.
18
Calculate the highest common factor of 516 and 11696.
172
What is the greatest common factor of 70 and 2560?
10
Calculate the highest common factor of 1199 and 4142.
109
What is the greatest common divisor of 296 and 8?
8
What is the highest common divisor of 66 and 30?
6
Calculate the highest common factor of 100 and 120.
20
What is the highest common divisor of 990 and 315?
45
Calculate the greatest common factor of 1260 and 700.
140
What is the highest common factor of 161 and 21?
7
Calculate the greatest common divisor of 130 and 572.
26
Calculate the greatest common factor of 57 and 209.
19
Calculate the greatest common divisor of 55 and 803.
11
What is the greatest common factor of 73030 and 218?
218
Calculate the highest common divisor of 6802 and 133.
19
Calculate the highest common divisor of 18 and 1926.
18
What is the greatest common factor of 375 and 30?
15
Calculate the highest common divisor of 405 and 225.
45
Calculate the highest common factor of 110 and 44.
22
Calculate the greatest common factor of 2848 and 96.
32
Calculate the greatest common factor of 952 and 700.
28
What is the greatest common factor of 156 and 2262?
78
What is the highest common divisor of 45 and 333?
9
Calculate the greatest common factor of 26 and 6.
2
What is the highest common divisor of 81 and 63?
9
Calculate the highest common factor of 81 and 135.
27
What is the greatest common factor of 13518 and 18?
18
What is the greatest common factor of 136 and 153?
17
Calculate the greatest common divisor of 1024 and 16.
16
Calculate the highest common divisor of 7102 and 536.
134
What is the highest common divisor of 5274 and 18?
18
Calculate the greatest common factor of 7138 and 332.
166
Calculate the greatest common divisor of 59 and 885.
59
Calculate the highest common factor of 35 and 413.
7
Calculate the highest common factor of 7175 and 700.
175
What is the greatest common divisor of 17 and 17?
17
What is the highest common factor of 112 and 1442?
14
Calculate the greatest common divisor of 304 and 208.
16
Calculate the highest common factor of 85 and 9010.
85
Calculate the highest common factor of 76 and 95.
19
Calculate the greatest common divisor of 820 and 5.
5
Calculate the highest common factor of 5856 and 12.
12
Calculate the greatest common factor of 2112 and 33.
